{"version":"1.0","provider_name":"Knoll Balers &amp; Wrappers","provider_url":"https:\/\/knoll-balers.com\/de\/","author_name":"Martin Compagner","author_url":"https:\/\/knoll-balers.com\/de\/author\/martin-compagner\/","title":"Knoll B.V. auf der Agritechnica 2025 3. November 2025 - Knoll Balers &amp; Wrappers","type":"rich","width":600,"height":338,"html":"<blockquote class=\"wp-embedded-content\" data-secret=\"pDz0VNnY8k\"><a href=\"https:\/\/knoll-balers.com\/de\/knoll-b-v-aanwezig-op-agritechnica-2025\/\">Knoll B.V. auf der Agritechnica 2025 3. November 2025<\/a><\/blockquote><iframe sandbox=\"allow-scripts\" security=\"restricted\" src=\"https:\/\/knoll-balers.com\/de\/knoll-b-v-aanwezig-op-agritechnica-2025\/embed\/#?secret=pDz0VNnY8k\" width=\"600\" height=\"338\" title=\"&#8222;Knoll B.V. auf der Agritechnica 2025 3. November 2025&#8220; &#8211; Knoll Balers &amp; Wrappers\" data-secret=\"pDz0VNnY8k\" frameborder=\"0\" marginwidth=\"0\" marginheight=\"0\" scrolling=\"no\" class=\"wp-embedded-content\"><\/iframe><script>\n\/*! This file is auto-generated *\/\n!function(d,l){\"use strict\";l.querySelector&&d.addEventListener&&\"undefined\"!=typeof URL&&(d.wp=d.wp||{},d.wp.receiveEmbedMessage||(d.wp.receiveEmbedMessage=function(e){var t=e.data;if((t||t.secret||t.message||t.value)&&!\/[^a-zA-Z0-9]\/.test(t.secret)){for(var s,r,n,a=l.querySelectorAll('iframe[data-secret=\"'+t.secret+'\"]'),o=l.querySelectorAll('blockquote[data-secret=\"'+t.secret+'\"]'),c=new RegExp(\"^https?:$\",\"i\"),i=0;i<o.length;i++)o[i].style.display=\"none\";for(i=0;i<a.length;i++)s=a[i],e.source===s.contentWindow&&(s.removeAttribute(\"style\"),\"height\"===t.message?(1e3<(r=parseInt(t.value,10))?r=1e3:~~r<200&&(r=200),s.height=r):\"link\"===t.message&&(r=new URL(s.getAttribute(\"src\")),n=new URL(t.value),c.test(n.protocol))&&n.host===r.host&&l.activeElement===s&&(d.top.location.href=t.value))}},d.addEventListener(\"message\",d.wp.receiveEmbedMessage,!1),l.addEventListener(\"DOMContentLoaded\",function(){for(var e,t,s=l.querySelectorAll(\"iframe.wp-embedded-content\"),r=0;r<s.length;r++)(t=(e=s[r]).getAttribute(\"data-secret\"))||(t=Math.random().toString(36).substring(2,12),e.src+=\"#?secret=\"+t,e.setAttribute(\"data-secret\",t)),e.contentWindow.postMessage({message:\"ready\",secret:t},\"*\")},!1)))}(window,document);\n\/\/# sourceURL=https:\/\/knoll-balers.com\/wp-includes\/js\/wp-embed.min.js\n<\/script>\n","thumbnail_url":"http:\/\/knoll-balers.com\/wp-content\/uploads\/2025\/11\/Bezoek-onze-stand-website-1.jpg","thumbnail_width":2500,"thumbnail_height":1667,"description":"Vom 9. bis 15. November 2025 sind wir zusammen mit unserem finnischen Partner Agronic Oy auf der Agritechnica in Hannover vertreten. Dies ist die weltweit gr\u00f6\u00dfte Leitmesse f\u00fcr Landtechnik. Alle namhaften Unternehmen der Agrarbranche pr\u00e4sentieren hier ihre Produkte und Innovationen f\u00fcr die Industrie. Wir sind mit unseren Press-Wickel-Kombinationen KNOLL MidiFix II und KNOLL MultiBaler XL [&hellip;]"}

Vom 9. bis 15. November 2025 sind wir zusammen mit unserem finnischen Partner Agronic Oy auf der Agritechnica in Hannover vertreten. Dies ist die weltweit größte Leitmesse für Landtechnik. Alle namhaften Unternehmen der Agrarbranche präsentieren hier ihre Produkte und Innovationen für die Industrie. Wir sind mit unseren Press-Wickel-Kombinationen KNOLL MidiFix II und KNOLL MultiBaler XL [&hellip;]
